{"id":134,"date":"2014-11-17T09:40:06","date_gmt":"2014-11-17T09:40:06","guid":{"rendered":"http:\/\/www.missionskreis.at\/?page_id=134"},"modified":"2015-07-02T08:35:32","modified_gmt":"2015-07-02T08:35:32","slug":"bastelrunde","status":"publish","type":"page","link":"https:\/\/www.missionskreis.at\/?page_id=134","title":{"rendered":"Bastelrunde"},"content":{"rendered":"<h2><a href=\"http:\/\/www.missionskreis.at\/wp-content\/uploads\/2014\/11\/bastelrunde1.jpg\"><img loading=\"lazy\" class=\"  aligncenter wp-image-370 size-full\" src=\"http:\/\/www.missionskreis.at\/wp-content\/uploads\/2014\/11\/bastelrunde1.jpg\" alt=\"bastelrunde1\" width=\"514\" height=\"384\" srcset=\"https:\/\/www.missionskreis.at\/wp-content\/uploads\/2014\/11\/bastelrunde1.jpg 514w, https:\/\/www.missionskreis.at\/wp-content\/uploads\/2014\/11\/bastelrunde1-300x224.jpg 300w\" sizes=\"(max-width: 514px) 100vw, 514px\" \/><\/a><\/h2>\n<p style=\"text-align: center;\">Von links: Traudi Wimmer, Irene Wenger, Lisa Lienbacher, Maria Lienbacher, Gundi Weiss,<br \/>\nSonja Unterwurzacher und Greti Rettenbacher (nicht im Bild: Silvia Keuschnigg und Gertraud Sch\u00f6rghofer).<\/p>\n<p style=\"text-align: center;\"><strong>Ein Gedicht \u00fcber uns und den Bastelmarkt<br \/>\n<\/strong><strong>~ in kuchlerischer Mundart ~<\/strong><\/p>\n<p style=\"text-align: center;\">Im Februar, da geht halt die Gaudi scho los,<br \/>\nDa sagt die Frau Gundi: &#8222;Sagts, was mach ma den blo\u00df?&#8220;<br \/>\nSo kemman dann alle mit Vorschl\u00e4g daher,<br \/>\nWas aktuell war zum Basteln und nit allzu schwer.<br \/>\nUnd glei sind so viele Ideen aufn Plan,<br \/>\nDass ma bis zum Herbst ganz sch\u00f6n gefordert san.<br \/>\nWann a bis dort nit alles ganz fertig is,<br \/>\nn\u00e4chts Jahr is wieder Advent, des is ja gwi\u00df.<br \/>\nVoll Spannung geht&#8217;s Aufbaun los oa Woch vor dem 1.Adventwochenend,<br \/>\nUnd gfrogt san da alle freiwilligen Helferh\u00e4nd.<br \/>\nDo wird alles fein s\u00e4uberlich dekoriert,<br \/>\nDamit&#8217;s f\u00fcr die Leut&#8216; a recht anschaulich wird.<br \/>\nAm Freitagabend schau ma scho recht miad aus da W\u00e4sch,<br \/>\nDoch guat tuats, wann die ersten K\u00e4ufer sagn: &#8222;Is des wieder fesch!&#8220;<br \/>\nUnd don geht&#8217;s los am Samstag um 7 Uhr in da Fruah<br \/>\nUnd erst um 17 Uhr is wieder a Ruah.<br \/>\nAm Sonntag mach ma um 9 Uhr auf<br \/>\nUnd der Markt nimmt bis 17 Uhr sein Lauf.<br \/>\nJeweils um 14 Uhr gibt&#8217;s a sch\u00f6ne Feierstund,<br \/>\nVolks-und Hauptsch\u00fcler gebn da eahna K\u00f6nnen kund.<br \/>\nNoch amoi &#8222;Danke&#8220; an alle, die uns helfen k\u00f6nnern<br \/>\nUnd so das Fest noch amoi versch\u00f6nern!<\/p>\n<p>\u00a0<strong>Um einen besseren Einblick in unsere allw\u00f6chentlichen Bastelabende zu geben, <\/strong><strong>m\u00f6chte ich unsere Runde vorstellen:<br \/>\n<\/strong>Am Anfang wurde im Pfarrhof, im sogenannten \u201eKooperator-St\u00f6ckl\u201c, gebastelt. Sp\u00e4ter bot uns Gundi Wei\u00df deren Wohnk\u00fcche an, was wir nat\u00fcrlich freudig annahmen.<\/p>\n<p>Dankenswerterweise d\u00fcrfen wir hier jeden Mittwoch basteln. Es ist sicher nicht selbstverst\u00e4ndlich, wenn 7 bis 8 Frauen die Wohnung belagern. Deshalb geb\u00fchrt einmal der Familie Wei\u00df ein herzlicher Dank f\u00fcr die freundliche Aufnahme.<\/p>\n<p>\u00dcberhaupt ist \u201eGundi\u201c die Seele in unserer Runde. Geschickt und talentiert geht sie jedes St\u00fcck mit Elan an.<\/p>\n<p>\u201eTraudi\u201c, unsere Finanzmeisterin, zeigt sich als wahrer Allrounder. Sie ist bei allem einsetzbar, ob feinste N\u00e4harbeiten, Schneiden, Kleben usw. Bevor im Februar die Bastelabende beginnen, hat sie mit ihrem Sepp schon die vielen wundersch\u00f6nen Kerzen zu Hause gegossen und jedes Jahr werden sie kunstvoller.<\/p>\n<p>\u201eLisa\u201c, unsere \u201eZuagroaste\u201c, hat das Herz am rechten Fleck. Sie bringt viele neue Ideen ein, probiert vieles zu Hause aus inmitten ihrer M\u00e4nnerwelt.<\/p>\n<p>\u201eSonja\u201c, unsere Frau mit dem feinen H\u00e4ndchen, macht die sch\u00f6nen Perlensterne. Auf die Figuren-Holzk\u00f6pfchen das Gesicht aufzumalen geh\u00f6rt zu ihrer Spezialit\u00e4t.<\/p>\n<p>\u201eMaria\u201c, unsere N\u00e4hmeisterin, hat meistens die N\u00e4hmaschine vor sich, denn niemand kann die kleinen Kleidchen so genau und fein n\u00e4hen wie sie.<\/p>\n<p>\u201eSivia\u201c, unsere Oberalmerin, ist auch ein Talent der feinen Dinge. Ob Klosterarbeit oder feinste Ausschneide-Techniken, sie macht das sehr genau.<\/p>\n<p>\u201eIrene\u201c, die Gollingerin, macht jetzt einmal Pause, bis ihr Jonas etwas gr\u00f6\u00dfer ist.<\/p>\n<p>Als Schlusslicht darf ich mich noch in der Runde einreihen. Die ganz feinen Arbeiten liegen mir nicht sehr. Aber Gundi findet immer was zum Anstreichen oder Ausschneiden f\u00fcr mich, sodass auch ich mich n\u00fctzlich machen kann. Zu Hause, am Abend beim Fernsehen, stricke ich auch gerne Tiere, Patscherl usw. f\u00fcr den Bastelmarkt.<\/p>\n<p>Und dann sind da noch unsere beiden Stickerinnen, die auch das ganze Jahr \u00fcber Tischdecken, Polster, L\u00e4ufer usw. auf feinste Art besticken. Ein besonderer Dank an Stefflbauern-Kathi und Hilde Unterpirker.<\/p>\n<p>Ein Dank nat\u00fcrlich an alle freiwilligen Strickerinnen, Bastler, Kranzbinder, Kekseb\u00e4cker und Kuchenb\u00e4cker, mit denen allen zusammen es jedes Jahr wieder ein gelungener Markt wird und wir den \u00c4rmsten auf der Welt ein wenig Sonnenschein \u00fcberbringen k\u00f6nnen.<\/p>\n<p><i>F\u00fcr die Bastelgruppe: Margarethe Rettenbacher<\/i><\/p>\n","protected":false},"excerpt":{"rendered":"<p>Von links: Traudi Wimmer, Irene Wenger, Lisa Lienbacher, Maria Lienbacher, Gundi Weiss, Sonja Unterwurzacher und Greti Rettenbacher (nicht im Bild: &#8230; <a class=\"read-more\" href=\"https:\/\/www.missionskreis.at\/?page_id=134\">Mehr lesen<\/a><\/p>\n","protected":false},"author":1,"featured_media":0,"parent":54,"menu_order":3,"comment_status":"closed","ping_status":"closed","template":"","meta":[],"_links":{"self":[{"href":"https:\/\/www.missionskreis.at\/index.php?rest_route=\/wp\/v2\/pages\/134"}],"collection":[{"href":"https:\/\/www.missionskreis.at\/index.php?rest_route=\/wp\/v2\/pages"}],"about":[{"href":"https:\/\/www.missionskreis.at\/index.php?rest_route=\/wp\/v2\/types\/page"}],"author":[{"embeddable":true,"href":"https:\/\/www.missionskreis.at\/index.php?rest_route=\/wp\/v2\/users\/1"}],"replies":[{"embeddable":true,"href":"https:\/\/www.missionskreis.at\/index.php?rest_route=%2Fwp%2Fv2%2Fcomments&post=134"}],"version-history":[{"count":10,"href":"https:\/\/www.missionskreis.at\/index.php?rest_route=\/wp\/v2\/pages\/134\/revisions"}],"predecessor-version":[{"id":1266,"href":"https:\/\/www.missionskreis.at\/index.php?rest_route=\/wp\/v2\/pages\/134\/revisions\/1266"}],"up":[{"embeddable":true,"href":"https:\/\/www.missionskreis.at\/index.php?rest_route=\/wp\/v2\/pages\/54"}],"wp:attachment":[{"href":"https:\/\/www.missionskreis.at\/index.php?rest_route=%2Fwp%2Fv2%2Fmedia&parent=134"}],"curies":[{"name":"wp","href":"https:\/\/api.w.org\/{rel}","templated":true}]}}