{"id":343,"date":"2015-04-13T17:53:10","date_gmt":"2015-04-13T17:53:10","guid":{"rendered":"http:\/\/www.missionskreis.at\/?page_id=343"},"modified":"2015-06-28T11:47:28","modified_gmt":"2015-06-28T11:47:28","slug":"hausbau","status":"publish","type":"page","link":"https:\/\/www.missionskreis.at\/?page_id=343","title":{"rendered":"Hilfe f\u00fcr arme Familien"},"content":{"rendered":"<p align=\"left\"><span style=\"text-decoration: underline;\"><strong>Hausbau f\u00fcr eine obdachlose Familie<\/strong><\/span><\/p>\n<p align=\"left\">(Die Baukosten f\u00fcr dieses Projekt wurden von einem Spender \u00fcbernommen.)<\/p>\n<p align=\"left\"><a href=\"http:\/\/www.missionskreis.at\/wp-content\/uploads\/2015\/05\/I-Haus-Damongo-Hilfe-fuer-Familien.jpg\">\u00a0\u00a0\u00a0\u00a0\u00a0\u00a0\u00a0\u00a0\u00a0\u00a0\u00a0\u00a0\u00a0\u00a0\u00a0\u00a0\u00a0\u00a0\u00a0\u00a0\u00a0\u00a0 <img loading=\"lazy\" class=\"alignnone size-medium wp-image-654\" src=\"http:\/\/www.missionskreis.at\/wp-content\/uploads\/2015\/05\/I-Haus-Damongo-Hilfe-fuer-Familien-300x225.jpg\" alt=\"I Haus Damongo Hilfe f\u00fcr Familien\" width=\"300\" height=\"225\" srcset=\"https:\/\/www.missionskreis.at\/wp-content\/uploads\/2015\/05\/I-Haus-Damongo-Hilfe-fuer-Familien-300x225.jpg 300w, https:\/\/www.missionskreis.at\/wp-content\/uploads\/2015\/05\/I-Haus-Damongo-Hilfe-fuer-Familien.jpg 800w\" sizes=\"(max-width: 300px) 100vw, 300px\" \/><\/a>\u00a0\u00a0\u00a0\u00a0\u00a0\u00a0\u00a0 <a href=\"http:\/\/www.missionskreis.at\/wp-content\/uploads\/2015\/04\/P1040105_hausbau.jpg\"><img loading=\"lazy\" class=\"alignnone size-medium wp-image-512\" src=\"http:\/\/www.missionskreis.at\/wp-content\/uploads\/2015\/04\/P1040105_hausbau-300x201.jpg\" alt=\"P1040105_hausbau\" width=\"300\" height=\"201\" srcset=\"https:\/\/www.missionskreis.at\/wp-content\/uploads\/2015\/04\/P1040105_hausbau-300x201.jpg 300w, https:\/\/www.missionskreis.at\/wp-content\/uploads\/2015\/04\/P1040105_hausbau.jpg 640w\" sizes=\"(max-width: 300px) 100vw, 300px\" \/><\/a><\/p>\n<p>\u00a0Nach einer Bauzeit von nur vier Monaten konnte diese Frau mit ihren sechs Kindern das Haus beziehen. 2012 wurden ein Waschraum und eine Toilette dazugebaut.<\/p>\n<p>Das Haus wurde in 2013 an das Stromnetz angeschlossen. Die Familie wird noch weiterhin von uns unterst\u00fctzt (Lebensmittel, Krankenversicherung und Schulkleider).<\/p>\n","protected":false},"excerpt":{"rendered":"<p>Hausbau f\u00fcr eine obdachlose Familie (Die Baukosten f\u00fcr dieses Projekt wurden von einem Spender \u00fcbernommen.) \u00a0\u00a0\u00a0\u00a0\u00a0\u00a0\u00a0\u00a0\u00a0\u00a0\u00a0\u00a0\u00a0\u00a0\u00a0\u00a0\u00a0\u00a0\u00a0\u00a0\u00a0\u00a0 \u00a0\u00a0\u00a0\u00a0\u00a0\u00a0\u00a0 \u00a0Nach einer Bauzeit &#8230; <a class=\"read-more\" href=\"https:\/\/www.missionskreis.at\/?page_id=343\">Mehr lesen<\/a><\/p>\n","protected":false},"author":1,"featured_media":0,"parent":140,"menu_order":6,"comment_status":"closed","ping_status":"closed","template":"","meta":[],"_links":{"self":[{"href":"https:\/\/www.missionskreis.at\/index.php?rest_route=\/wp\/v2\/pages\/343"}],"collection":[{"href":"https:\/\/www.missionskreis.at\/index.php?rest_route=\/wp\/v2\/pages"}],"about":[{"href":"https:\/\/www.missionskreis.at\/index.php?rest_route=\/wp\/v2\/types\/page"}],"author":[{"embeddable":true,"href":"https:\/\/www.missionskreis.at\/index.php?rest_route=\/wp\/v2\/users\/1"}],"replies":[{"embeddable":true,"href":"https:\/\/www.missionskreis.at\/index.php?rest_route=%2Fwp%2Fv2%2Fcomments&post=343"}],"version-history":[{"count":13,"href":"https:\/\/www.missionskreis.at\/index.php?rest_route=\/wp\/v2\/pages\/343\/revisions"}],"predecessor-version":[{"id":1232,"href":"https:\/\/www.missionskreis.at\/index.php?rest_route=\/wp\/v2\/pages\/343\/revisions\/1232"}],"up":[{"embeddable":true,"href":"https:\/\/www.missionskreis.at\/index.php?rest_route=\/wp\/v2\/pages\/140"}],"wp:attachment":[{"href":"https:\/\/www.missionskreis.at\/index.php?rest_route=%2Fwp%2Fv2%2Fmedia&parent=343"}],"curies":[{"name":"wp","href":"https:\/\/api.w.org\/{rel}","templated":true}]}}