{"id":357,"date":"2015-04-13T17:55:41","date_gmt":"2015-04-13T17:55:41","guid":{"rendered":"http:\/\/www.missionskreis.at\/?page_id=357"},"modified":"2015-06-28T16:51:54","modified_gmt":"2015-06-28T16:51:54","slug":"handbrunnen","status":"publish","type":"page","link":"https:\/\/www.missionskreis.at\/?page_id=357","title":{"rendered":"Handbrunnen"},"content":{"rendered":"<p><strong><span style=\"text-decoration: underline;\">Handbrunnen f\u00fcr die D\u00f6rfer um Limbisi (Wawato und Grubagu)<\/span><\/strong><\/p>\n<p align=\"left\">Diese D\u00f6rfer sind im Gonja Distrikt in der N\u00e4he vom Mole Nationalpark, ca. 18-25 km entfernt von Daboya. Dieses Dorf ist bekannt f\u00fcr seine handgewebten Textilien. Auch der Fluss &#8222;White Volta&#8220; flie\u00dft in der N\u00e4he. In der Regenzeit ist dieses Gebiet mit dem Auto nicht erreichbar, in der Trockenenzeit sehr schwer und von Tamale aus \u00fcberhaupt nur mit kleinen Booten.<\/p>\n<p align=\"left\">Die gr\u00f6\u00dfte Schwierigkeit in diesem Gebiet nach Wasser zu bohren war die Bohrger\u00e4te in diese D\u00f6rfer zu bekommen. Dies d\u00fcrfte auch ein Grund sein, warum viele D\u00f6rfer dort noch kein reines Wasser haben. Auch die Bohrkosten sind dadurch h\u00f6her. Die erste Bohrfirma konnte die D\u00f6rfer mit ihren Fahrzeugen nicht erreichen. Erst einer zweiten Firma gelang es.<\/p>\n<p align=\"left\"><a href=\"http:\/\/www.missionskreis.at\/wp-content\/uploads\/2015\/04\/A3-DSCI03731.jpg\"><img loading=\"lazy\" class=\"aligncenter wp-image-945\" src=\"http:\/\/www.missionskreis.at\/wp-content\/uploads\/2015\/04\/A3-DSCI03731.jpg\" alt=\"A3 DSCI0373[1]\" width=\"300\" height=\"224\" \/><\/a><\/p>\n<p style=\"text-align: center;\" align=\"left\"><a href=\"http:\/\/www.missionskreis.at\/wp-content\/uploads\/2015\/04\/P1000157_kl.jpg\"><img loading=\"lazy\" class=\"alignnone size-medium wp-image-946\" src=\"http:\/\/www.missionskreis.at\/wp-content\/uploads\/2015\/04\/P1000157_kl-300x225.jpg\" alt=\"P1000157_kl\" width=\"300\" height=\"225\" srcset=\"https:\/\/www.missionskreis.at\/wp-content\/uploads\/2015\/04\/P1000157_kl-300x225.jpg 300w, https:\/\/www.missionskreis.at\/wp-content\/uploads\/2015\/04\/P1000157_kl.jpg 346w\" sizes=\"(max-width: 300px) 100vw, 300px\" \/><\/a><br \/>\nMit den Bohrungen wurde bereits begonnen &#8211; das erste Bohrloch 2013.<\/p>\n<p align=\"center\"><a href=\"http:\/\/www.missionskreis.at\/wp-content\/uploads\/2015\/05\/C-D-P1040150-Limbisi.jpg\"><img loading=\"lazy\" class=\"alignnone size-medium wp-image-632\" src=\"http:\/\/www.missionskreis.at\/wp-content\/uploads\/2015\/05\/C-D-P1040150-Limbisi-300x201.jpg\" alt=\"C D P1040150 Limbisi\" width=\"300\" height=\"201\" srcset=\"https:\/\/www.missionskreis.at\/wp-content\/uploads\/2015\/05\/C-D-P1040150-Limbisi-300x201.jpg 300w, https:\/\/www.missionskreis.at\/wp-content\/uploads\/2015\/05\/C-D-P1040150-Limbisi.jpg 800w\" sizes=\"(max-width: 300px) 100vw, 300px\" \/><\/a><br \/>\n2013 konnten wir weitere sieben Brunnen bohren lassen.<\/p>\n<p align=\"center\"><a href=\"http:\/\/www.missionskreis.at\/wp-content\/uploads\/2015\/05\/C-P1000162-Limbisi.jpg\"><img loading=\"lazy\" class=\"alignnone size-medium wp-image-635\" src=\"http:\/\/www.missionskreis.at\/wp-content\/uploads\/2015\/05\/C-P1000162-Limbisi-300x225.jpg\" alt=\"C P1000162 Limbisi\" width=\"300\" height=\"225\" srcset=\"https:\/\/www.missionskreis.at\/wp-content\/uploads\/2015\/05\/C-P1000162-Limbisi-300x225.jpg 300w, https:\/\/www.missionskreis.at\/wp-content\/uploads\/2015\/05\/C-P1000162-Limbisi.jpg 800w\" sizes=\"(max-width: 300px) 100vw, 300px\" \/><\/a><br \/>\nEin Geschenk f\u00fcr einen Brunnen<\/p>\n<p style=\"text-align: center;\" align=\"left\"><strong>Vielen Dank an unsere Sponsoren, Familie Wenger aus Kuchl<br \/>\n<\/strong><strong>und an die Dreik\u00f6nigsaktion Salzburg.<\/strong><\/p>\n","protected":false},"excerpt":{"rendered":"<p>Handbrunnen f\u00fcr die D\u00f6rfer um Limbisi (Wawato und Grubagu) Diese D\u00f6rfer sind im Gonja Distrikt in der N\u00e4he vom Mole &#8230; <a class=\"read-more\" href=\"https:\/\/www.missionskreis.at\/?page_id=357\">Mehr lesen<\/a><\/p>\n","protected":false},"author":1,"featured_media":0,"parent":327,"menu_order":4,"comment_status":"closed","ping_status":"closed","template":"","meta":[],"_links":{"self":[{"href":"https:\/\/www.missionskreis.at\/index.php?rest_route=\/wp\/v2\/pages\/357"}],"collection":[{"href":"https:\/\/www.missionskreis.at\/index.php?rest_route=\/wp\/v2\/pages"}],"about":[{"href":"https:\/\/www.missionskreis.at\/index.php?rest_route=\/wp\/v2\/types\/page"}],"author":[{"embeddable":true,"href":"https:\/\/www.missionskreis.at\/index.php?rest_route=\/wp\/v2\/users\/1"}],"replies":[{"embeddable":true,"href":"https:\/\/www.missionskreis.at\/index.php?rest_route=%2Fwp%2Fv2%2Fcomments&post=357"}],"version-history":[{"count":12,"href":"https:\/\/www.missionskreis.at\/index.php?rest_route=\/wp\/v2\/pages\/357\/revisions"}],"predecessor-version":[{"id":1237,"href":"https:\/\/www.missionskreis.at\/index.php?rest_route=\/wp\/v2\/pages\/357\/revisions\/1237"}],"up":[{"embeddable":true,"href":"https:\/\/www.missionskreis.at\/index.php?rest_route=\/wp\/v2\/pages\/327"}],"wp:attachment":[{"href":"https:\/\/www.missionskreis.at\/index.php?rest_route=%2Fwp%2Fv2%2Fmedia&parent=357"}],"curies":[{"name":"wp","href":"https:\/\/api.w.org\/{rel}","templated":true}]}}