{"id":54,"date":"2008-09-17T16:53:25","date_gmt":"2008-09-17T16:53:25","guid":{"rendered":"http:\/\/dev.wpcoder.com\/dan\/?page_id=2"},"modified":"2015-06-29T19:37:57","modified_gmt":"2015-06-29T19:37:57","slug":"about","status":"publish","type":"page","link":"https:\/\/www.missionskreis.at\/?page_id=54","title":{"rendered":"\u00dcber uns"},"content":{"rendered":"<p>Aus einem gro\u00dfen Anliegen\u00a0bed\u00fcrftige Missionaren im Ausland zu unterst\u00fctzen entstand der Missionskreis Kuchl im Jahre 1982, dessen Mitarbeiter aus Pfarrgemeinder\u00e4ten und ehrenamtlichen Helfern bestanden.<\/p>\n<p>Heute sind wir eine Gruppe von 12 engagierten Menschen, die Hilfsprojekte in Ghana, Raum Tamale &#8211; Damongo, unterst\u00fctzen, planen und durchf\u00fchren.\u00a0F\u00fcr die Planung und Durchf\u00fchrung der Projekte ist Herr Hermann Putz, Leiter des Missionskreises zust\u00e4ndig, Herr Ing. Josef Pichler f\u00fcr die Technik.<\/p>\n<p>Die finanzielle Basis ist der j\u00e4hrliche Bastel- und Bauernmarkt zu Weihnachten. Spender und Sponsoren erg\u00e4nzen die Finanzierung. Unseren Erfolg verdanken wir den zahlreichen Helfern und Spendern.<\/p>\n<p><a href=\"http:\/\/www.missionskreis.at\/wp-content\/uploads\/2008\/09\/missionsausschuss.jpg\"><img loading=\"lazy\" class=\"aligncenter wp-image-930 size-full\" src=\"http:\/\/www.missionskreis.at\/wp-content\/uploads\/2008\/09\/missionsausschuss.jpg\" alt=\"missionsausschuss\" width=\"343\" height=\"512\" srcset=\"https:\/\/www.missionskreis.at\/wp-content\/uploads\/2008\/09\/missionsausschuss.jpg 343w, https:\/\/www.missionskreis.at\/wp-content\/uploads\/2008\/09\/missionsausschuss-201x300.jpg 201w\" sizes=\"(max-width: 343px) 100vw, 343px\" \/><\/a><\/p>\n<p align=\"center\">\n","protected":false},"excerpt":{"rendered":"<p>Aus einem gro\u00dfen Anliegen\u00a0bed\u00fcrftige Missionaren im Ausland zu unterst\u00fctzen entstand der Missionskreis Kuchl im Jahre 1982, dessen Mitarbeiter aus Pfarrgemeinder\u00e4ten &#8230; <a class=\"read-more\" href=\"https:\/\/www.missionskreis.at\/?page_id=54\">Mehr lesen<\/a><\/p>\n","protected":false},"author":1,"featured_media":0,"parent":0,"menu_order":1,"comment_status":"closed","ping_status":"closed","template":"","meta":[],"_links":{"self":[{"href":"https:\/\/www.missionskreis.at\/index.php?rest_route=\/wp\/v2\/pages\/54"}],"collection":[{"href":"https:\/\/www.missionskreis.at\/index.php?rest_route=\/wp\/v2\/pages"}],"about":[{"href":"https:\/\/www.missionskreis.at\/index.php?rest_route=\/wp\/v2\/types\/page"}],"author":[{"embeddable":true,"href":"https:\/\/www.missionskreis.at\/index.php?rest_route=\/wp\/v2\/users\/1"}],"replies":[{"embeddable":true,"href":"https:\/\/www.missionskreis.at\/index.php?rest_route=%2Fwp%2Fv2%2Fcomments&post=54"}],"version-history":[{"count":16,"href":"https:\/\/www.missionskreis.at\/index.php?rest_route=\/wp\/v2\/pages\/54\/revisions"}],"predecessor-version":[{"id":1256,"href":"https:\/\/www.missionskreis.at\/index.php?rest_route=\/wp\/v2\/pages\/54\/revisions\/1256"}],"wp:attachment":[{"href":"https:\/\/www.missionskreis.at\/index.php?rest_route=%2Fwp%2Fv2%2Fmedia&parent=54"}],"curies":[{"name":"wp","href":"https:\/\/api.w.org\/{rel}","templated":true}]}}